8237 is divided by 51.
42
Calculate the remainder when 2237 is divided by 319.
4
Calculate the remainder when 169712 is divided by 84845.
22
What is the remainder when 5274 is divided by 2618?
38
What is the remainder when 79715 is divided by 39844?
27
What is the remainder when 43271 is divided by 636?
23
Calculate the remainder when 18004 is divided by 2933.
406
Calculate the remainder when 14669 is divided by 29.
24
What is the remainder when 5623 is divided by 458?
127
What is the remainder when 2001 is divided by 256?
209
What is the remainder when 5008 is divided by 4?
0
What is the remainder when 2580 is divided by 514?
10
What is the remainder when 509021 is divided by 8930?
11
Calculate the remainder when 32606 is divided by 15.
11
What is the remainder when 476 is divided by 81?
71
What is the remainder when 6524 is divided by 273?
245
Calculate the remainder when 122481 is divided by 503.
252
Calculate the remainder when 3501 is divided by 1129.
114
Calculate the remainder when 5901 is divided by 1442.
133
What is the remainder when 1266 is divided by 752?
514
What is the remainder when 5856 is divided by 521?
125
What is the remainder when 26946 is divided by 1918?
94
What is the remainder when 168269 is divided by 24037?
10
Calculate the remainder when 3566 is divided by 286.
134
What is the remainder when 29877 is divided by 120?
117
What is the remainder when 497 is divided by 119?
21
What is the remainder when 435561 is divided by 9?
6
What is the remainder when 2448 is divided by 341?
61
What is the remainder when 1058 is divided by 175?
8
What is the remainder when 164637 is divided by 343?
340
Calculate the remainder when 358169 is divided by 302.
299
What is the remainder when 526699 is divided by 1086?
1075
Calculate the remainder when 123277 is divided by 268.
265
Calculate the remainder when 478138 is divided by 260.
258
What is the remainder when 393 is divided by 59?
39
Calculate the remainder when 3006904 is divided by 5850.
4
Calculate the remainder when 204 is divided by 21.
15
What is the remainder when 9627 is divided by 437?
13
Calculate the remainder when 329218 is divided by 1180.
1178
Calculate the remainder when 7418 is divided by 7353.
65
Calculate the remainder when 85517 is divided by 64.
13
Calculate the remainder when 832757 is divided by 872.
869
Calculate the remainder when 7412 is divided by 174.
104
Calculate the remainder when 34651 is divided by 23.
13
What is the remainder when 22018 is divided by 1102?
1080
What is the remainder when 1066 is divided by 498?
70
Calculate the remainder when 730 is divided by 309.
112
What is the remainder when 11651 is divided by 3881?
8
Calculate the remainder when 113302 is divided by 86.
40
Calculate the remainder when 6030 is divided by 546.
24
Calculate the remainder when 25959 is divided by 867.
816
Calculate the remainder when 31246 is divided by 1067.
303
What is the remainder when 63250 is divided by 19?
18
Calculate the remainder when 3095 is divided by 243.
179
What is the remainder when 5641 is divided by 313?
7
Calculate the remainder when 310458 is divided by 44.
38
What is the remainder when 27344 is divided by 13427?
490
Calculate the remainder when 163889 is divided by 54578.
155
Calculate the remainder when 331757 is divided by 33174.
17
What is the remainder when 5748 is divided by 1894?
66
What is the remainder when 21190 is divided by 100?
90
Calculate the remainder when 48689 is divided by 164.
145
Calculate the remainder when 855 is divided by 801.
54
Calculate the remainder when 64627 is divided by 1080.
907
Calculate the remainder when 6135 is divided by 200.
135
What is the remainder when 7856309 is divided by 57?
56
Calculate the remainder when 696002 is divided by 33.
32
Calculate the remainder when 220447 is divided by 1328.
1327
What is the remainder when 47966 is divided by 205?
201
Calculate the remainder when 88041 is divided by 2444.
57
What is the remainder when 7876 is divided by 39?
37
Calculate the remainder when 162604 is divided by 40628.
92
What is the remainder when 1470267 is divided by 79?
77
Calculate the remainder when 389746 is divided by 11.
5
Calculate the remainder when 3974 is divided by 1942.
90
Calculate the remainder when 625 is divided by 621.
4
Calculate the remainder when 1288 is divided by 67.
15
Calculate the remainder when 976140 is divided by 38.
34
Calculate the remainder when 16475 is divided by 6.
5
Calculate the remainder when 27373 is divided by 71.
38
What is the remainder when 56165 is divided by 34?
31
What is the remainder when 34943 is divided by 6985?
18
What is the remainder when 71046 is divided by 337?
276
Calculate the remainder when 6049 is divided by 380.
349
What is the remainder when 19510 is divided by 399?
358
Calculate the remainder when 14660 is divided by 293.
10
Calculate the remainder when 206072 is divided by 25758.
8
What is the remainder when 485 is divided by 6?
5
Calculate the remainder when 5087 is divided by 2539.
9
Calculate the remainder when 1854995 is divided by 625.
620
What is the remainder when 419 is divided by 61?
53
What is the remainder when 2626 is divided by 1261?
104
Calculate the remainder when 9008 is divided by 249.
44
What is the remainder when 392462 is divided by 38?
36
What is the remainder when 16131 is divided by 5251?
378
Calculate the remainder when 2482558 is divided by 2155.
2153
Calculate the remainder when 129547 is divided by 69.
34
What is the remainder when 49054 is divided by 2044?
2042
What is the remainder when 14949 is divided by 330?
99
Calculate the remainder when 32219 is divided by 10701.
116
What is the remainder when 1201196 is divided by 132?
128
Calculate the remainder when 1619 is divided by 58.
53
What is the remainder when 6435 is divided by 2143?
6
What is the remainder when 30852 is divided by 1281?
108
What is the remainder when 4985 is divided by 125?
110
Calculate the remainder when 6597 is divided by 2087.
336
Calculate the remainder when 19860 is divided by 9928.
4
Calculate the remainder when 44169 is divided by 1133.
1115
What is the remainder when 5244 is divided by 72?
60
What is the remainder when 17358 is divided by 4337?
10
What is the remainder when 4667 is divided by 1403?
458
What is the remainder when 5868861 is divided by 138?
135
Calculate the remainder when 69717 is divided by 850.
17
Calculate the remainder when 4224 is divided by 90.
84
Calculate the remainder when 70193 is divided by 52.
45
What is the remainder when 28245 is divided by 73?
67
Calculate the remainder when 18431 is divided by 26.
23
Calculate the remainder when 33925 is divided by 870.
865
What is the remainder when 374083 is divided by 781?
765
What is the remainder when 915963 is divided by 674?
671
Calculate the remainder when 39806 is divided by 49.
18
Calculate the remainder when 542 is divided by 519.
23
What is the remainder when 45676 is divided by 45664?
12
Calculate the remainder when 103798 is divided by 173.
171
Calculate the remainder when 2373 is divided by 137.
44
What is the remainder when 219 is divided by 19?
10
Calculate the remainder when 137196 is divided by 100.
96
Calculate the remainder when 56993 is divided by 436.
313
Calculate the remainder when 118 is divided by 94.
24
What is the remainder when 59784 is divided by 128?
8
What is the remainder when 36699 is divided by 18208?
283
What is the remainder when 7598 is divided by 1056?
206
What is the remainder when 6504 is divided by 1597?
116
Calculate the remainder when 517 is divided by 169.
10
What is the remainder when 946 is divided by 27?
1
Calculate the remainder when 40488 is divided by 986.
62
What is the remainder when 25125 is divided by 1006?
981
What is the remainder when 35895 is divided by 120?
15
Calculate the remainder when 21181 is divided by 153.
67
Calculate the remainder when 15579 is divided by 165.
69
Calculate the remainder when 130550 is divided by 215.
45
What is the remainder when 1526 is divided by 115?
31
What is the remainder when 9560 is divided by 1965?
1700
Calculate the remainder when 57689 is divided by 28824.
41
What is the remainder when 207089 is divided by 115?
89
What is the remainder when 17162 is divided by 156?
2
Wha